(c) = c**3 + 3*c**2 + 3*c. Let o be n(-2). Let p = o - -4. Let x be (6 + (p - 0))/1. Calculate the highest common factor of x and 64.
8
Let s(h) = 2*h - 14. Let m be (-300)/(-21) - (-6)/(-21). Let z be s(m). Calculate the greatest common divisor of z and 28.
14
Let u = 21 + -13. What is the highest common divisor of u and 8?
8
Let c = 78 + -18. Suppose -7*t = j - 4*t - 39, 4*t = j - 4. What is the greatest common divisor of j and c?
12
Let f(h) = -15*h - h + 5*h + 5. Let o be f(-5). What is the greatest common factor of o and 24?
12
Suppose 39*o - 45*o = -132. Calculate the greatest common factor of 4 and o.
2
Let h be 22/18 - 10/45. Let n be (4 - 1) + -2 + h. Suppose n*j + 4 = 3*j. What is the highest common factor of 12 and j?
4
Suppose 4*u = 4*x + 2*u - 96, x - 2*u = 30. Let z = 56 + -34. What is the highest common divisor of z and x?
22
Let w be (-5)/(5/(-32)) - 2. Suppose -r + w = 4*r. Calculate the highest common factor of r and 42.
6
Suppose -6*s = -2*s. Suppose h + 7 - 23 = s. What is the greatest common divisor of 40 and h?
8
Let p(d) = -d**2 - 6*d - 3. Let u be p(-5). Let v be (-4 - -2)/(4 + (6 - 11)). What is the highest common factor of u and v?
2
Let k(l) = -l**2 - 3*l + 2. Let d be k(-3). Suppose -h + 30 = 4*h. Let i = h + -4. Calculate the highest common divisor of i and d.
2
Suppose 3*x - 15 - 3 = 5*v, 2*x + 13 = -5*v. Suppose -q + 11 = -3*d, x = -4*q + d + 12. Suppose 10 + 8 = q*m. What is the highest common divisor of 9 and m?
9
Let y be 20/12*(2 - 4 - -44). Suppose -5*o + 396 + 74 = 0. Let h = o - 66. What is the highest common factor of h and y?
14
Let i(y) = -y**3 + 9*y**2 + 25*y - 4. Let q be i(11). Let d be 4/(-10) - (-872)/5. What is the greatest common divisor of d and q?
29
Let y be -1*(-27 - (4 - 8)). Let k = y - 5. Calculate the highest common factor of k and 126.
18
Suppose 0 = 33*l - 8*l - 1200. Let j(q) = -11*q**3 - q. Let a be j(-1). What is the greatest common factor of l and a?
12
Let h(x) = 9*x - 8. Let t be h(2). What is the greatest common divisor of t and 60?
10
Suppose c - 32 = -3*c. Calculate the greatest common factor of c and 20.
4
Let p(r) = -3*r**2 - r. Let b be (1 + 0/(-3))*-1. Let h be p(b). Let o(i) = -18*i. Let y be o(h). Calculate the greatest common divisor of 4 and y.
4
Suppose 0 = -z + 3*o + 7 - 1, -2*z + 5 = o. Suppose 6*b - 9 = 5*b - z*g, g = 0. What is the highest common divisor of 3 and b?
3
Suppose -12 = -z - 3*z. Calculate the highest common factor of 15 and z.
3
Let m = 6 + -3. Let n(y) = -1. Let w(z) = z**2 - 2*z + 6. Let x(q) = 5*n(q) + w(q). Let v be x(m). What is the greatest common divisor of 28 and v?
4
Suppose -6*g + g - 3*i = -57, g + 3*i - 21 = 0. Suppose 0*s = 3*s - g, -3*j = -4*s. Calculate the greatest common factor of j and 6.
2
Suppose -6 = -2*q - 2*a, q + q = -a + 5. Suppose -q*l + 0*l = -2. Calculate the greatest common factor of 1 and l.
1
Suppose -3*g = -289 + 64. Calculate the greatest common factor of g and 15.
15
Let t be 1 + (0 - 1) + 18. What is the highest common factor of t and 12?
6
Let n = 11 + -5. Let u be (n/(-15))/(1/(-30)). Let d = 48 + u. Calculate the highest common divisor of d and 24.
12
Let z = -32 + 34. Calculate the highest common factor of z and 10.
2
Suppose 5*w + 4*p + 818 = 0, 0*w = 2*w - 5*p + 347. Let v = w + 238. What is the greatest common divisor of 48 and v?
24
Let n(d) = 6*d + 19. Let l be n(5). Calculate the greatest common factor of 7 and l.
7
Suppose -3*s - 3 = -99. Let j = 252 - 244. Calculate the highest common divisor of j and s.
8
Suppose 4*f = 5*l - 170, -31 = -2*l - 2*f + 37. Calculate the highest common factor of l and 85.
17
Let u be ((-40)/(-6))/(2/(-9)). Let h = -16 - u. Suppose h - 98 = -3*g. What is the highest common divisor of 70 and g?
14
Let w = 18 + -11. Calculate the greatest common divisor of w and 49.
7
Let a = 5 - -13. Let m be ((-2)/(-3))/((-1)/a). Let f be 2 - (2/(-1) + m). Calculate the highest common divisor of 48 and f.
16
Let o(j) = 5*j. Let b be o(6). What is the greatest common factor of b and 75?
15
Suppose -3*l = -18 - 12. Suppose -4*t = -3*t + 4*j, -4*t + 4*j + 20 = 0. Calculate the greatest common divisor of l and t.
2
Let p = -34 + 39. What is the greatest common divisor of 45 and p?
5
Suppose 0 = 2*p - 0*p. Suppose 0 = 3*x - p*x - 84. Suppose 4*t = 3*t + 70. What is the highest common factor of x and t?
14
Let v = -6 - -12. Let i be 1520/v + 6/9. Let u = 362 - i. What is the highest common factor of 12 and u?
12
Suppose 15 = -8*v + 3*v. Let r = 0 - v. Suppose -s - 2*s = -b + 26, r*b - 5*s = 62. What is the highest common factor of b and 21?
7
Let d(w) = -10*w + 9. Let v be d(-7). Let o = v + -46. What is the highest common factor of o and 33?
33
Let a(n) = -n**3 + 3*n**2 + 6*n - 5. Let o be a(5). Let p = 30 + o. What is the highest common divisor of p and 5?
5
Let b(k) = 2*k - 2. Let s be b(3). Calculate the highest common divisor of s and 12.
4
Let n be (-18)/9*(-8 - 0). Suppose 0 = -y + 13 - 5. Calculate the highest common factor of y and n.
8
Let d be 0 + 2 - -1*2. Let p be (-44)/(-7) - (-2)/(-7). Suppose -d*m + p = -566. What is the highest common factor of m and 13?
13
Suppose u + 2*u - 12 = 0. Suppose 5*j + 5*m = 300, -j - u*m - 90 = -3*j. What is the highest common divisor of 22 and j?
11
Suppose 5*v + w = 240 - 79, 0 = 2*w - 2. What is the greatest common divisor of 2 and v?
2
Let w = -20 - -52. Let v = w + 63. Suppose 0 = -4*p + 156 - 4. What is the greatest common factor of p and v?
19
Let k(h) = h**3 - 10*h**2 - 11*h + 3. Suppose 0 = -m + 4*m - 114. Let x = m + -27. Let z be k(x). Calculate the highest common divisor of 24 and z.
3
Let s be (-2*1)/((-2)/35). Let w(t) = -t**3 + 4*t**3 - t - t**2 - 2*t**3 - 1. Let u be w(3). What is the highest common divisor of s and u?
7
Let c = 21 - 13. Suppose -4*m - c - 32 = 0. Let a be -1 + (0 + 1 - m). Calculate the greatest common divisor of 5 and a.
5
Let f be 2*-6*(-1)/4. Let k(u) be the second derivative of u**4/12 + u**3/2 - 2*u**2 - 4*u. Let h be k(-5). What is the greatest common factor of h and f?
3
Let m be (-1)/(-2) - 38/4. Let v be (-88)/m - 4/(-18). Let y = 154 - 64. What is the highest common factor of v and y?
10
Suppose -y - 12 = -3*y + 4*k, 2*y - 5*k - 7 = 0. Suppose 70 = 5*i + 5*l, 6*l - 9*l - 38 = -2*i. What is the highest common divisor of y and i?
16
Let i = -19 - -107. Let q(t) = -9*t - 3. Let r be q(-13). Let n be (-2)/5 - r/(-10). What is the greatest common factor of n and i?
11
Let q(x) = 3*x**2 + 11*x + 49. Let w be q(-6). Calculate the highest common divisor of w and 13.
13
Suppose 0 = -0*a - 4*a. Let h = 3 - a. Let i be (h/2)/(2/28). What is the highest common factor of i and 3?
3
Let u be -2*6/((-48)/20). Calculate the greatest common divisor of 45 and u.
5
Let n(a) = -11*a + 11. Let x be n(-8). Let p be 1/3 + (-15)/(-9). Suppose -3*k + 45 = p*k. What is the highest common divisor of x and k?
9
Let n be 66 - (3 + 1) - -1. Calculate the highest common divisor of 7 and n.
7
Let a be ((-4)/12)/(2/(-12)). Let x be 2/11 + 120/66. Calculate the greatest common divisor of a and x.
2
Suppose 50 + 78 = -2*w. Let c = -44 - w. Calculate the highest common divisor of 10 and c.
10
Suppose -25 - 25 = -5*c. Let a(d) = 13*d + 5. Let j be a(c). Suppose 0 = -4*m + 2*w + 50, -6 = 3*m + 5*w - 76. Calculate the greatest common factor of j and m.
15
Let i(g) = 7*g**2 + 7*g - 18. Let n be i(-7). What is the greatest common divisor of 12 and n?
12
Let l(s) = -s**2 - 3*s + 2. Let u be l(-3). Let t = u + 30. Suppose -2*m + 148 = 3*r, r + 0*m - 44 = 2*m. Calculate the greatest common divisor of t and r.
16
Suppose -127 = -3*l + b - 50, 4*b = 16. Let j(s) = -s**3 - 2*s**2 + 7*s + 5. Let h = 9 - 13. Let y be j(h). Calculate the greatest common divisor of l and y.
9
Let h = -53 - -60. Calculate the highest common divisor of 21 and h.
7
Let n(z) = 4*z**2 + 2*z - 1. Let b be n(-1). Let d(f) = f**2 - 6*f + 3. Let o be d(7). Calculate the greatest common divisor of b and o.
1
Let k be 0 - (-3 + (-1 - -2)). Suppose -16*g = -20*g + 72. Calculate the greatest common divisor of g and k.
2
Let l(m) = m**3 + 8*m**2 - 8*m + 11. Let y be l(-9). Let b be -2*(-3)/6*y. Suppose -b*u - u + 18 = 0. What is the greatest common divisor of u and 36?
6
Suppose -4*o + 4